What is the ten millions digit of 318966309?
1
What is the hundred millions digit of 278072841?
2
What is the hundred thousands digit of 34570807?
5
What is the ten thousands digit of 2045636775?
3
What is the units digit of 7064836651?
1
What is the hundred thousands digit of 130409494?
4
What is the millions digit of 34785999?
4
What is the millions digit of 181552335?
1
What is the hundred thousands digit of 5211434445?
4
What is the millions digit of 216677664?
6
What is the ten thousands digit of 82907514?
0
What is the hundreds digit of 203909158?
1
What is the billions digit of 1170354107?
1
What is the ten thousands digit of 121347166?
4
What is the hundred thousands digit of 750047605?
0
What is the tens digit of 15376475?
7
What is the tens digit of 735414886?
8
What is the ten millions digit of 1081795434?
8
What is the hundreds digit of 15398204?
2
What is the ten thousands digit of 128514917?
1
What is the thousands digit of 880197845?
7
What is the ten millions digit of 1181556323?
8
What is the hundred millions digit of 1690192468?
6
What is the ten millions digit of 132020481?
3
What is the ten millions digit of 111274956?
1
What is the thousands digit of 521753758?
3
What is the hundred thousands digit of 68123083?
1
What is the units digit of 4532953009?
9
What is the ten thousands digit of 304130771?
3
What is the thousands digit of 795229042?
9
What is the thousands digit of 15815485?
5
What is the hundred thousands digit of 20859890?
8
What is the tens digit of 535596022?
2
What is the hundred millions digit of 1180166860?
1
What is the ten thousands digit of 3274099302?
9
What is the ten thousands digit of 4136236271?
3
What is the units digit of 3445641?
1
What is the thousands digit of 215705855?
5
What is the ten thousands digit of 100066546?
6
What is the tens digit of 41422123?
2
What is the units digit of 20715017?
7
What is the ten millions digit of 520880214?
2
What is the hundreds digit of 34091611?
6
What is the units digit of 57880744?
4
What is the ten thousands digit of 17580222?
8
What is the ten millions digit of 38962896?
3
What is the thousands digit of 880644866?
4
What is the ten millions digit of 46889610?
4
What is the ten millions digit of 987396747?
8
What is the millions digit of 31344669?
1
What is the millions digit of 20366875?
0
What is the ten millions digit of 1011282395?
1
What is the ten thousands digit of 1051568535?
6
What is the millions digit of 522043008?
2
What is the thousands digit of 165959736?
9
What is the hundred thousands digit of 56406523?
4
What is the units digit of 197561767?
7
What is the ten thousands digit of 1536135528?
3
What is the units digit of 43448327?
7
What is the millions digit of 284278725?
4
What is the units digit of 67107988?
8
What is the millions digit of 2662712089?
2
What is the units digit of 513893671?
1
What is the ten thousands digit of 645223502?
2
What is the hundred thousands digit of 459474136?
4
What is the hundreds digit of 73296444?
4
What is the hundred thousands digit of 80810670?
8
What is the units digit of 2632193459?
9
What is the units digit of 205619846?
6
What is the millions digit of 618467441?
8
What is the millions digit of 5582141802?
2
What is the hundred millions digit of 492856652?
4
What is the units digit of 28568023?
3
What is the millions digit of 1315645709?
5
What is the tens digit of 83853411?
1
What is the thousands digit of 57810015?
0
What is the hundred millions digit of 579875489?
5
What is the ten thousands digit of 466545977?
4
What is the hundred millions digit of 507000135?
5
What is the hundred thousands digit of 49234548?
2
What is the hundred millions digit of 322917603?
3
What is the hundred thousands digit of 2475513288?
5
What is the tens digit of 28509133?
3
What is the hundred thousands digit of 43156868?
1
What is the ten millions digit of 143814817?
4
What is the ten millions digit of 1053255219?
5
What is the hundred thousands digit of 414940435?
9
What is the hundreds digit of 83505825?
8
What is the millions digit of 355973220?
5
What is the thousands digit of 203273917?
3
What is the tens digit of 506543461?
6
What is the units digit of 1489602387?
7
What is the millions digit of 165552126?
5
What is the thousands digit of 22141759?
1
What is the ten thousands digit of 88630581?
3
What is the tens digit of 1088353059?
5
What is the ten millions digit of 766656363?
6
What is the ten thousands digit of 142863560?
6
What is the hundred thousands digit of 13610292?
6
What is the thousands digit of 1729630984?
0
What is the millions digit of 34819167?
4
What is the millions digit of 771526250?
1
What is the hundreds digit of 4122896015?
0
What is the ten thousands digit of 1234252344?
5
What is the thousands digit of 7469562482?
2
What is the thousands digit of 6512773332?
3
What is the tens digit of 49483475?
7
What is the thousands digit of 3016036?
6
What is the hundreds digit of 4596793015?
0
What is the ten millions digit of 24125043?
2
What is the hundred thousands digit of 459439422?
4
What is the hundreds digit of 2476167?
1
What is the units digit of 1914620?
0
What is the thousands digit of 98494024?
4
What is the tens digit of 179477370?
7
What is the hundred thousands digit of 75244469?
2
What is the hundred thousands digit of 11660717?
6
What is the hundreds digit of 251090304?
3
What is the billions digit of 1357554452?
1
What is the ten millions digit of 292451770?
9
What is the tens digit of 48728075?
7
What is the thousands digit of 596487281?
7
What is the ten millions digit of 514651170?
1
What is the ten millions digit of 71864195?
7
What is the units digit of 946805356?
6
What is the millions digit of 3224707369?
4
What is the ten millions digit of 38621678?
3
What is the hundreds digit of 50656132?
1
What is the millions digit of 1644569149?
4
What is the ten thousands digit of 54807150?
0
What is the hundreds digit of 113700801?
8
What is the ten millions digit of 195628538?
9
What is the hundred thousands digit of 622546338?
5
What is the hundred thousands digit of 7461830053?
8
What is the units digit of 804944610?
0
What is the hundred thousands digit of 10455362?
4
What is the hundreds digit of 7475779?
7
What is the millions digit of 10697155?
0
What is the millions digit of 117636353?
7
What is the tens digit of 34264454?
5
What is the hundreds digit of 30839592?
5
What is the ten thousands digit of 5052552844?
5
What is the hundred millions digit of 3463352476?
4
What is the thousands digit of 807357223?
7
What is the tens digit of 428333019?
1
What is the ten thousands digit of 1256010008?
1
What is the ten thousands digit of 223309129?
0
What is the tens digit of 610804199?
9
What is the millions digit of 24039915?
4
What is the ten millions digit of 2966731412?
6
What is the hundreds digit of 244173475?
4
What is the thousands digit of 43728505?
8
What is the ten thousands digit of 79976128?
7
What is the tens digit of 27222846?
4
What is the hundred thousands digit of 837604363?
6
What is the hundreds digit of 1161553679?
6
What is the millions digit of 52401391?
2
What is the millions digit of 667334156?
7
What is the hundred thousands digit of 3779326801?
3
What is the tens digit of 52723696?
9
What is the millions digit of 50935876?
0
What is the thousands digit of 118267309?
7
What is the tens digit of 2231090731?
3
What is the thousands digit of 33809233?
9
What is the thousands digit of 161154454?
4
What is the ten thousands digit of 571414732?
1
What is the hundreds digit of 48265080?
0
What is the millions digit of 2028901629?
8
What is the billions digit of 2128711695?
2
What is the thousands digit of 888582653?
2
What is the hundreds digit of 76233756?
7
What is the tens digit of 111002909?
0
What is the ten millions digit of 624470515?
2
What is the hundred thousands digit of 246123805?
1
What is the units digit of 4824358479?
9
What is the thousands digit of 12484842?
4
What is the millions digit of 22038244?
2
What is the millions digit of 23967264?
3
What is the millions digit of 813028821?
3
What is the thousands digit of 11283769?
3
What is the hundreds digit of 4390572?
5
What is the hundreds digit of 130668147?
1
What is the hundreds digit of 516